 -24)
-15
What is -8 + 21 + -23 + 13?
3
What is the value of ((-5 - -7) + -13 - (3 + -11)) + -4?
-7
Calculate 82 + -92 - (10 + (5 - 3)).
-22
What is -2 + -6 + (13 - (-1 - -7)) + 7?
6
What is the value of -1 + -14 - (-29 - -16 - -13)?
-15
What is the value of (21 - (32 + -3)) + 5?
-3
Evaluate (18 - 0) + -20 + 17 - (-37 + 41).
11
Evaluate 19 + (-2 - (0 + -2 + -1)) + -10.
10
What is -6 + -2 + (4 - 2) - -15?
9
Calculate (64 + -49 - (-1 - -10)) + 0.
6
What is -2 + 39 + -8 + -6 + 1?
24
Evaluate (-4 + (7 - -28) - (11 - 1)) + 3.
24
Calculate (-4 + 7 + (-9 - -6) - 4) + -1.
-5
What is the value of (-3 - -6) + (4 - (3 - 0) - 15)?
-11
What is the value of -5 - (9 + -16) - -12?
14
Calculate (16 + -31 - -5) + 3 + 0.
-7
Evaluate (-5 - 21 - -11) + 8 + (0 - -16).
9
Calculate 5 + -10 + 12 - (-6 - 13).
26
What is -3 - (-15 + (10 - 3)) - 9?
-4
Calculate 3 + 6 + (11 - 16).
4
What is the value of 25 + -5 - (-12 - -49)?
-17
-18 + (8 - (5 - 3))
-12
What is the value of -25 + -4 + 36 - (-4 + 1)?
10
Evaluate 13 + -15 + -2 + -7 + 24.
13
What is 49 - 40 - (-2 + 2 + 1 - 7)?
15
What is 12 - (12 - (16 - (0 - -11) - 1))?
4
Evaluate -13 - (9 - (-18 + 66)).
26
Calculate 64 - 50 - (-4 + 2 - -2) - 4.
10
(2 - 1) + (-20 + (4 - -5) - -8)
-2
7 + (11 + -15 - -6)
9
Evaluate -3 - (20 + -7 + -11) - (4 + -1).
-8
Calculate -7 + (-2 + -5 - -23) + -6.
3
What is the value of (-5 - -11) + 102 + -114?
-6
What is 2 - (1 + -5 + 10 - 1) - 4?
-7
Evaluate -16 + (-5 - -1) + 26.
6
Evaluate -15 - (-1 + 1 + -15 + 12) - -6.
-6
Calculate (-34 - -69) + -3 + -18.
14
(-9 - (-2 + 1 - 3)) + 9 + -13
-9
(35 + -25 - 10) + -2
-2
What is -43 + 33 + 2 + -10 + 2?
-16
Calculate 3 + -3 - (-166 + 179 + -1 + -34).
22
What is the value of (-493 - -480) + -7 + 2?
-18
What is the value of 10 - ((0 + 1 - (-116 - -118)) + 1)?
10
What is 3 + (-6 - -14) + 0 - 16?
-5
What is (0 - 19) + (2 - (-9 + 12)) + 8?
-12
What is -5 + (-4 - -6) + (-14 - -1 - -1)?
-15
What is the value of 27 - (1 + 7) - 7 - (-8 - -2)?
18
What is the value of 35 - (7 - (-4 + 10) - (-1 + 0))?
33
(34 + -1 - 36) + -29
-32
Calculate 1 + 14 + (-16 - (-6 + -3) - -2).
10
What is the value of (12 - ((1 - -6) + 14)) + 27?
18
6 + 1 - ((-2 - -11) + -3 + -13)
14
Calculate -4 - -1 - (9 + (27 - (21 + -13))).
-31
What is the value of 3 + -3 + 7 + (-1 - (4 - 7))?
9
Evaluate 5 - (-2 + 7 + -5).
5
-2 + -10 + -1 + (5 - -2)
-6
Evaluate (48 - 49) + (-1 - -6) + -1.
3
What is the value of -16 - (10 - (-8 + 15) - 7)?
-12
Calculate -9 + (-154 - -167) + (-16 - -2).
-10
Evaluate (5 - (-5 - -9)) + -39 - (13 - 17).
-34
-3 + 1 - ((-6 - -3) + -28 + 30)
-1
-35 + 30 - (-7 - (3 + -13) - 37)
29
What is the value of 21 - (-32 - -63) - (1 - -25)?
-36
Evaluate -50 + -19 + -19 + 60.
-28
Evaluate 10 - ((6 - (-2 + 13 - 4)) + 0).
11
What is the value of 5 + -1 + -4 - (-11 + 22 + -13)?
2
What is the value of -2 + (-4 - 16) + 9?
-13
Evaluate -2 + (0 + -2 - (-1 + 4 - 2)).
-5
-17 - (-1 + -15 + (-1 - 4))
4
Evaluate 7 + -6 - (-2 + -2) - (15 + -17).
7
Evaluate 32 - (10 - (11 + (3 - 7))).
29
Calculate (15 + 3 - -10) + -10 - 9.
9
-21 - (-2 - 6) - -22
9
What is 5 - 0 - -5 - 20?
-10
What is the value of -34 - (16 + -12 + 1 + -9)?
-30
1 + -2 + 6 + (9 - 20)
-6
What is -2 - -10 - (35 - (30 + -9))?
-6
What is the value of 2 - 0 - 4 - (-12 - -16)?
-6
Evaluate 15 + -1 + 122 + -151 + 9.
-6
(-19 - (-32 + -1)) + (-56 - -8)
-34
Evaluate ((-15 - 6) + 31 - (-1 - -18)) + 43.
36
Calculate -2 + -10 - (-30 - -32 - -10).
-24
What is (-10 - (-3 + 0)) + -8 + (10 - 3)?
-8
Evaluate -47 + 20 - (-34 - 21).
28
Evaluate 5 - 0 - (3 + (-9 - -2) + 3).
6
What is (-56 - -45) + (-28 + 25 - (0 + 2))?
-16
What is 15 + (-2 + -1 - (0 - 1))?
13
What is the value of -1 - 1 - (0 + -9 - (48 - 51))?
4
2 + 0 + -3 - (-22 + 13) - 12
-4
(0 - 4 - 7) + -1 + -24 + 27
-9
Calculate 28 + (30 - 70) - (-3 + -25).
16
Calculate 5 + -17 + 7 + 4 - -4.
3
21 - (-13 + 20 - 12 - (-8 + 2))
20
What is the value of -8 + 2 + 0 - 10?
-16
Evaluate -6 + -1 + -1 - (0 + (-9 - 0)).
1
Calculate (15 - 16) + 18 + -6 + -1.
10
Evaluate (-26 - -33) + -17 + 4 + 7.
1
Evaluate 16 + 2 - (15 + (-14 - -8)).
9
Evaluate 275 + -276 + 16 + 0.
15
What is 15 + -17 + 9 + (-1 - (-4 + 0))?
10
What is (4 - 13 - -24) + -29?
-14
Evaluate -30 - ((-4 - 31) + -3).
8
Calculate 11 - (19 + -12) - -4 - (5 + -4).
7
What is the value of -16 - (16 + (18 - 38))?
-12
What is the value of (-1 - 12) + -11 + 19?
-5
-17 + (40 - 18) - (1 + -2)
6
What is (4 - -10) + (3 - (-15 - -17))?
15
Calculate -25 + -33 + 20 - -19.
-19
Calculate (6 - -7 - 22) + 18.
9
What is -2 + 5 + (-9 - -19) + -5 + 5?
13
What is the value of -1 + 22 - ((-5 - -2) + 6)?
18
What is the value of -4 - (-2 - (8 + 4 + -5))?
5
Calculate 0 - 4 - -16 - (-17 - -11).
18
Evaluate 10 - (8 + 2) - 2.
-2
Evaluate 15 - (-9 - (-9 + -14)).
1
(17 - (17 + (1 - -6))) + 7
0
(-1 - 14) + (-8 - -18)
-5
Calculate -2 + 5 + -2 - (-275 - -270).
6
What is -20 - (-24 + (20 - 8))?
-8
Calculate 1 + -13 - (-19 - -1) - (2 - -7).
-3
What is the value of -25 - ((-1 - 1) + 2 + -7 + 1)?
-19
-30 + (30 - (27 + -21))
-6
-10 + (31 - (8 - 4)) - (2 + 6)
9
Evaluate -7 + (-2 - (-4 - -3 - 4)).
-4
Calculate -27 - -33 - 15 - (-1 - 5).
-3
Evaluate -9 + -11 + 6 + 6 + 8.
0
-19 + 5 + (-26 - -37)
-3
What is 11 - 12 - 12 - -8?
-5
What is the value of (-115 - -124 - (-1 + 20)) + (-4 - -1)?
-13
3 + 8 + 5 + -1 + -14 + 4
5
Evaluate -15 - (-10 - 1 - (520 - 531)).
-15
What is the value of (2 - -16 - 10) + (-2 - 0) + -8?
-2
What is 3 - (0 + 0 + 29 + -35 + -8)?
17
Evaluate -855 - -871 - (-1 + 4).
13
What is the value of 13 - (9 - (-11 + 10))?
3
What is the value of -4 + 14 + -9 - 12?
-11
What is the value of -12 + (13 - -3) + -24?
-20
-8 + (2 - -3 - -1) + -2
-4
Calculate 53 - 47 - (-2 + 1) - (1 + -1).
7
(34 - 42 - 20) + 39
11
-2 + -3 + 7 - (9 - 15)
8
Calculate -87 + -6 + 48 - -18.
-27
Evaluate -13 + -16 + 15 + 14.
0
Evaluate 9 - (-1 - -3) - (-9 + 8).
8
(-9 + -2 - -1) + -8 + -2 + 2
-18
Evaluate 6 - 17 - (-285 - -248).
26
Evaluate 12 + 3 - (-6 - 5 - (-36 + 16)).
6
What is the value of -3 - 6 - (-14 + (-2 - -11))?
-4
Evaluate 17 + (0 - (-7 - -8) - 41).
-25
Calculate 0 + -8 - (135 + -159).
16
6 + -16 + -1 + (-3 - (0 - -1))
-15
22 - (7 + 24) - (0 + -6 + -1)
-2
Evaluate -1 + -13 + (-136 - -147).
-3
Evaluate 6 + (-14 - -11) + -2 - -7.
8
Evaluate -4 + (17 + -23 - -10).
0
Evaluate 15 - 11 - ((-5 - 2) + 14).
-3
Calculate -7 + (-20 + 7 - -42).
22
Evaluate -1 + -6 + -1 + 2 + 4 + 2.
0
What is the value of -3 - ((5 - 2) + -8) - 3 - -3?
2
Evaluate 100 - 61 - (-8 + 80).
-33
Evaluate -2 + 1 - 0 - (-29 - -23 - -3).
2
(-6 + -18 - -33) + 6 + (-1 - -2)
16
What is the value of -10 + (0 - -4) + 3 - (-39 - -37)?
-1
(9 - (16 + -15)) + 4
12
What is 5 + (-4 - (-5 + -5))?
11
-9 + (19 - (31 - 7)) + 0 + 3
-11
-3 - (-3 + (-13 - -6) - -4)
3
(-160 - -175) + 5 + -3
17
What is 0 + -3 + 107 + -99 - 17?
-12
What is 31 + 1 + 0 - (161 - 149)?
20
Calculate -3 + -1 - (-28 + (41 - 19)).
2
-6 + -7 + 15 + -8
-6
What is -8 - 0 - ((4 - 4 - -6) + -6)?
-8
What is 0 + -4 - (-8 + -6 + 30 + -4)?
-16
What is the value of 36 + -33 + 2 + -1 + (-9 - 3)?
-8
Calculate -54 - (-26 - 17 - -13).
-24
Calculate -2 - (2 + 9) - -21.
8
2 - (1 - (9 + -10)) - 4
-4
What is -2 + (-7 - 3) - (89 + -82)?
-19
What is the value of 34 + -26 + 2 + -5?
5
(-1 - -3) + 3 + 92 + -51 + -42
4
5 - (-10 - -11) - 13
-9
40 + (-26 - 14) + -3
-3
What is the value of 28 + 12 + -53 + 46?
33
Evaluate -15 - (5 - (4 + 1) - (0 + 4)).
-11
Calculate 16 - (-1 - -13) - 1.
3
Evaluate 4 + (4 + -1 - (0 - (6 + -5))).
8
What is 5 - (1 + 9 + 6) - (0 - 2)?
-9
26 + (0 + 15 - (-294 + 308))
27
-12 + (-10 - (9 - 29 - 2))
0
(7 - 13) + (2 - 2) + -3
-9
Evaluate -91 + 93 - (0 - 41) - 15.
28
What is -2 + (0 - -9) + -19?
-12
-1 + -10 + (10 - 10 - -6)
-5
58 + (-1 - 36) - 13
8
Evaluate -8 + (2 - -2) - (0 + 0 + -8).
4
-404 + 390 - (-4 + 1 - -20)
-31
What is 39 - (32 - 22) - (11 - (4 + -1))?
21
What is the value of -5 + 3 + 6 + (4 - -10) - 1?
17
Evaluate (7 - (7 + -3)) + (-8 - 0 - -3).
-2
What is 0 + (6 + -11 - -7 - (-1 + 8))?
-5
-15 + -2 - (-15 - -2)
-4
Calculate 0 + 2 - 0 - (12 - (3 - -10)).
3
(12 - 5) + 16 + -26
-3
Evaluate 10 + (-9 - (26 + -9)).
-16
What is the value of 72 + -62 + -5 + -1 + 0?
4
What is -3 - (9 - (21 + -12) - (-8 + 1))?
-10
Evaluate -9 - (-3 + 9 + -10).
-5
Calculate 16 - ((-17 - -8) + 15 + -14 - -9).
15
E